ppose -5*g + r + n = 0, 3*g - r + 12 = 44. Suppose 0*m - m = -g. What is the units digit of m?
9
Let z be ((-18)/15)/(6/(-20)). Let v be 2*(-2 - -1*z). Suppose 9 + 3 = v*a. What is the units digit of a?
3
Suppose 0 = -l - 2*h + 7*h + 106, 5*l - 449 = -2*h. What is the units digit of l?
1
Let n(o) = o**3 - o**2 - 2*o. Let r be n(2). Let w(a) = a - 3. Let l be w(14). Suppose 4*i - 4 = 0, r = -y + 4*i - 9*i + l. What is the units digit of y?
6
Suppose 3*t - a + 11 = -2, 0 = 5*t - 4*a + 10. Let k(c) = c**2 + 5*c + 8. What is the units digit of k(t)?
4
Suppose -5 = 2*w - w. Let c be (8/w)/(1/(-30)). Let r = -34 + c. What is the units digit of r?
4
Let h(j) = 5*j + 5. Let v(n) = -n - 1. Let y(b) = -6*h(b) - 25*v(b). What is the units digit of y(-4)?
5
Let n(v) = 30*v**2 - v. What is the tens digit of n(-1)?
3
Let p = 10 - -4. Suppose -4*m - t = -15 - 8, -3*m + t = -26. Let w = p - m. What is the units digit of w?
7
Let f(b) = 23*b + 9. What is the tens digit of f(4)?
0
Suppose -2*t + 118 = -4*q - q, 0 = -5*t - q + 295. What is the units digit of t?
9
Suppose 2*r - 99 = -3*u, 3*u = -3*r - 2*u + 151. What is the tens digit of r?
4
Let b = -41 - -147. What is the hundreds digit of b?
1
Let i be (-70)/(-12) - 2/(-12). What is the units digit of ((-15)/i)/(-1)*2?
5
Let p be (-130)/(-14) + (-8)/28. Suppose -3*v - p = 3*i, -3*v + 2*i = -2*i - 26. Suppose 5*a - v*a = 36. What is the tens digit of a?
1
Let o = -10 - -11. Let m be 9 - (2 + (o - 1)). Let k(t) = 3*t - 3. What is the units digit of k(m)?
8
Let i = -12 + 8. Let t = i + 10. Let f(b) = 2*b - 6. What is the units digit of f(t)?
6
Let m = -1 + 4. Suppose 0 = -p - 0*p. Let z = p + m. What is the units digit of z?
3
Let n be (2/(-6))/(212/108 - 2). Suppose 178 = 5*r - 192. Suppose r - n = 5*m. What is the tens digit of m?
1
Suppose 2*m - m - 3*z - 20 = 0, 4*m + 3*z = 155. Suppose -k = 4*k - m. Suppose -a + 6*a - 23 = -3*c, -5*c - k = -3*a. What is the units digit of c?
1
Suppose -3*x = 38 - 170. What is the units digit of x?
4
Suppose 3*t = 3*v - 12 - 3, 5*t = -2*v - 25. Suppose 3*g + 0*x + 2*x + 10 = v, -3*g - 12 = 3*x. What is the units digit of 2 + 1/2*g?
1
Suppose 0 = 3*p - p - 5*v + 42, 0 = -3*v + 6. Let u = p + 34. What is the units digit of u?
8
Let b be 102/(-14) - (-4)/14. Let i = b - -8. What is the units digit of i?
1
Let u(f) = -15*f. Let x be u(-1). Suppose 0 = 2*n - 5*s - 17 - x, -4*n + 5*s = -74. What is the units digit of n?
1
Suppose 0 = 4*s - 0*s. Suppose s = -5*p + 6 + 34. What is the units digit of p?
8
What is the hundreds digit of 9 + 180 - -3*(-1 + 2)?
1
Let v(u) = u - 1. Let f be v(2). Let a = f + 3. What is the units digit of a?
4
Let z = 11 - 7. Let y = 7 - z. What is the units digit of y?
3
Suppose 2*y - 134 = -5*f + 79, -218 = -2*y - 4*f. What is the hundreds digit of y?
1
What is the units digit of (-2)/(5 - 171/33)?
1
Suppose q + 4*a = 2*q + 11, -4*q + 32 = 3*a. Suppose 2*v + 0*v - 56 = -q*d, -v = 3*d - 33. What is the units digit of d?
0
Suppose 0 = 2*u + u - 18. Let x(w) = w**3 - 6*w**2 + 5*w - 3. What is the tens digit of x(u)?
2
Let y(c) = c**3 - c**2 - c - 4. Let s be y(0). Let g be (s/(-2) - 1) + 1. Suppose -5*h - g*k + 28 = 0, 0 = 2*h + 2*h - 4*k. What is the units digit of h?
4
Suppose 340 - 2428 = -18*z. What is the units digit of z?
6
Suppose 0 = -3*l + 4*l, -5*l - 95 = -5*p. What is the units digit of p?
9
Suppose -5*d + 23 + 25 = -i, -2*d - 186 = 5*i. Let n = -15 - i. What is the tens digit of n?
2
Suppose -24*m - 55 = -25*m. What is the units digit of m?
5
What is the tens digit of (-10)/(-15) - (-212)/6 - -2?
3
Let b(z) = z**3 - 7*z**2 + 8*z. Let u = 5 - 3. Suppose 2*n + 3*k - 3 = 3, -28 = -4*n + u*k. What is the units digit of b(n)?
2
Let b = 13 + -9. Suppose 580 = -b*h - h. What is the units digit of h/(-14) + 2/(-7)?
8
Let p(l) = 5*l + 2*l - 5 - 3*l - 7. What is the tens digit of p(8)?
2
Let i(u) = u**2 - 2*u - 5. Let q be i(6). Suppose 3*w - q = 38. Suppose -11 - w = -5*v. What is the units digit of v?
6
Let z = -47 + 28. Let n(t) = -3*t**2 + 2*t + 4. Let w be n(-3). Let b = z - w. What is the tens digit of b?
1
Let o(p) = -3*p**3 - p**2 + 6*p - 3. What is the tens digit of o(-3)?
5
Suppose i + 5*j = 0, -2*i = -7*j + 3*j. What is the tens digit of (2 - (4 + i))*-6?
1
Let c = 51 - 8. What is the tens digit of c?
4
Suppose 0*c = 3*c - 519. What is the tens digit of c?
7
Suppose 5*w = -s - 3*s + 373, -5*w - 87 = -s. What is the tens digit of s?
9
Let c(w) = 3*w - 5. Let r be c(-4). Suppose -4*j - 2 - 6 = 0, -32 = 3*k + j. Let l = k - r. What is the units digit of l?
7
Let w(r) = -r**3 - 10*r**2 - 10*r + 4. Let b be w(-8). Let g = -24 - b. What is the units digit of g?
0
Let g be (-1)/2 - (-26)/(-4). Let f(s) be the third derivative of s**5/60 + 7*s**4/24 + s**3 + s**2. What is the units digit of f(g)?
6
Let i = 6 - 2. What is the units digit of i?
4
Suppose 4*z + 29 = 4*i - 7, 2*i = z + 14. What is the units digit of i?
5
Suppose 3*i - 5*i = 0. Suppose i = 2*p - 18 + 2. Let c(o) = o**2 - 8*o + 6. What is the units digit of c(p)?
6
Suppose -5*i - 5*n = -1325, 2*n + 810 = 2*i + i. What is the tens digit of i?
6
Let n be 1/(10/8 + -1). Suppose 0 = n*x + 2 - 14. Let g = 0 + x. What is the units digit of g?
3
Let v be (-26)/((-6)/(3 - 0)). Suppose 0 = 5*s - 3*p - v - 12, 4*s - 20 = -5*p. What is the units digit of 14/5 + 1/s?
3
Suppose -30 - 35 = -v. What is the units digit of v?
5
Let z = -35 - -61. Suppose -3*n = 2*h + h - 72, h = -3*n + z. What is the units digit of h?
3
Suppose -12 = -0*n + n + 4*w, 3*n = w + 3. Let p = 2 + n. Let x = 8 - p. What is the units digit of x?
6
Let t(j) = -3*j - 6. Let l = 0 - -2. Suppose 4*g - 4*c + 36 = 0, c - 4 = -l. What is the units digit of t(g)?
5
Let b be (-1)/(-3)*(-2 + 11). Suppose m - 2*m = -b. Suppose z - 2*j - 1 = 0, m*j - j = -5*z + 53. What is the units digit of z?
9
Let r = -3 + 1. Let d be 3/((-21)/(-6) + r). Suppose -5*u = -4*x + 39, -5 = -d*x - u + 4. What is the units digit of x?
6
Let u be (-4)/(-18) + (-20)/9. Let k = u + -2. What is the units digit of k/7*(-35)/10?
2
Let b = 86 + 14. What is the units digit of b?
0
What is the units digit of -10 + 11 + 2*14?
9
Let b(u) = -43*u + 2. What is the units digit of b(-1)?
5
Let s(g) = g**2 - 3*g - 3. Let w be s(4). What is the tens digit of (-1 - w)*100/(-8)?
2
Let o(v) = -v + 5. Let r be o(5). Suppose l - 2 + 0 = r. What is the units digit of l?
2
Let x(c) = c**2 + 4. What is the tens digit of x(-9)?
8
Suppose 3*f + 0*f = 135. What is the units digit of f?
5
Suppose -3*t = -57 + 3. What is the units digit of -1*(-1 + 0) + t?
9
Let l = 35 - 20. Suppose 5*p = l + 25. What is the units digit of p?
8
Suppose -4*p - p = 2*n - 500, -5*n - 535 = -5*p. What is the hundreds digit of p?
1
Suppose -2*l + 6 + 2 = 0. Let d(g) = g**3 + 0 + l + 1 - g**2 - 4 - g. What is the units digit of d(0)?
1
Suppose 0 = 4*x - 203 - 9. Suppose l - k - 8 = 0, -7 = 5*l + k - x. What is the units digit of l?
9
Suppose -7 = -6*j + 5. What is the units digit of j?
2
Suppose 4 + 0 = l. Suppose -28 = -l*r + j - 3*j, 5*j = 2*r - 26. What is the units digit of r?
8
Suppose -172 = -4*u + 240. What is the units digit of u?
3
Let j be (3 - -7)*(-52)/(-10). Suppose -4*c = 4*a - a - 46, -a = 5*c - j. Let g = c + -7. What is the units digit of g?
3
Let q be 4/14 - (-6)/(-21). Suppose -4*z - z + 3*l = -188, q = 4*z - 4*l - 144. Suppose -z = -5*o + 2*d, 0 = -3*o + 2*d - 6 + 26. What is the tens digit of o?
1
What is the tens digit of -1 - (414/(-12))/((-2)/(-12))?
0
Let n = 162 - -146. What is the tens digit of n?
0
Suppose 20 + 20 = 5*y. What is the units digit of (-23)/(-4) + 2/y?
6
Let i(u) = -1 + 6 - 4 + 1 - 3*u. What is the tens digit of i(-6)?
2
Let z(d) = 5*d + 2. What is the tens digit of z(3)?
1
Suppose 0 = p + 2*p - 258. Suppose p - 11 = -5*c. What is the units digit of (-5)/(c/6) - 1?
1
Let d be (11/(-4) + 5)*(-32)/6. Let h(b) = -b**3 + 21. Let p be h(0). Let y = p + d. What is the units digit of y?
9
Let q = 13 - 8. Suppose -7 = -4*n + q. Suppose 3 = -2*v + 3*v - 2*c, -n*v + 25 = 2*c. What is the units digit of v?
7
Let q be (-9 - -33)*8/(-6). Let f = q - -56. What is the tens digit of f?
2
Let m(p) = p + 23. Let d = 24 + -24. What is the tens digit of m(d)?
2
Let h be (-72)/(-20) + 3/(-5). 